What is the ten thousands digit of 29960?
2
What is the units digit of 37?
7
What is the tens digit of 1965?
6
What is the hundreds digit of 5560?
5
What is the units digit of 65?
5
What is the thousands digit of 13681?
3
What is the thousands digit of 19137?
9
What is the hundreds digit of 394?
3
What is the units digit of 56140?
0
What is the thousands digit of 1687?
1
What is the hundreds digit of 6437?
4
What is the ten thousands digit of 33971?
3
What is the units digit of 3135?
5
What is the tens digit of 1750?
5
What is the hundreds digit of 1318?
3
What is the units digit of 27564?
4
What is the units digit of 65?
5
What is the thousands digit of 4110?
4
What is the hundreds digit of 6104?
1
What is the thousands digit of 24213?
4
What is the tens digit of 332?
3
What is the units digit of 8948?
8
What is the units digit of 170?
0
What is the tens digit of 3927?
2
What is the tens digit of 1374?
7
What is the tens digit of 14823?
2
What is the tens digit of 2699?
9
What is the tens digit of 2010?
1
What is the thousands digit of 28750?
8
What is the hundreds digit of 1344?
3
What is the hundreds digit of 4755?
7
What is the ten thousands digit of 17739?
1
What is the tens digit of 132535?
3
What is the thousands digit of 19079?
9
What is the thousands digit of 60745?
0
What is the hundreds digit of 17757?
7
What is the thousands digit of 13626?
3
What is the units digit of 544?
4
What is the tens digit of 3104?
0
What is the hundreds digit of 6832?
8
What is the units digit of 3357?
7
What is the ten thousands digit of 22256?
2
What is the tens digit of 3067?
6
What is the hundreds digit of 836?
8
What is the thousands digit of 4148?
4
What is the thousands digit of 2651?
2
What is the units digit of 412?
2
What is the thousands digit of 6721?
6
What is the hundreds digit of 1869?
8
What is the hundreds digit of 1186?
1
What is the thousands digit of 20063?
0
What is the hundreds digit of 3608?
6
What is the units digit of 481?
1
What is the ten thousands digit of 54143?
5
What is the units digit of 5042?
2
What is the thousands digit of 6189?
6
What is the tens digit of 1995?
9
What is the tens digit of 1185?
8
What is the hundreds digit of 10676?
6
What is the thousands digit of 7300?
7
What is the tens digit of 4451?
5
What is the hundreds digit of 178664?
6
What is the units digit of 1079?
9
What is the units digit of 56833?
3
What is the units digit of 2585?
5
What is the tens digit of 4495?
9
What is the hundreds digit of 832?
8
What is the ten thousands digit of 25852?
2
What is the ten thousands digit of 51946?
5
What is the thousands digit of 1611?
1
What is the units digit of 609?
9
What is the ten thousands digit of 78306?
7
What is the tens digit of 640?
4
What is the hundreds digit of 59799?
7
What is the tens digit of 10679?
7
What is the hundreds digit of 8482?
4
What is the hundreds digit of 1355?
3
What is the thousands digit of 9804?
9
What is the tens digit of 1009?
0
What is the thousands digit of 14472?
4
What is the units digit of 3832?
2
What is the hundreds digit of 86278?
2
What is the tens digit of 1622?
2
What is the units digit of 283?
3
What is the tens digit of 6787?
8
What is the thousands digit of 1769?
1
What is the units digit of 641?
1
What is the hundreds digit of 4035?
0
What is the units digit of 31092?
2
What is the hundreds digit of 1201?
2
What is the hundreds digit of 6662?
6
What is the hundreds digit of 209?
2
What is the tens digit of 388?
8
What is the thousands digit of 35687?
5
What is the units digit of 15142?
2
What is the units digit of 265?
5
What is the hundreds digit of 113?
1
What is the tens digit of 71532?
3
What is the thousands digit of 7274?
7
What is the hundreds digit of 4416?
4
What is the tens digit of 13?
1
What is the tens digit of 2261?
6
What is the tens digit of 867?
6
What is the tens digit of 154573?
7
What is the thousands digit of 3140?
3
What is the hundreds digit of 3328?
3
What is the units digit of 4452?
2
What is the ten thousands digit of 26896?
2
What is the thousands digit of 1536?
1
What is the thousands digit of 49184?
9
What is the thousands digit of 10564?
0
What is the hundreds digit of 1252?
2
What is the hundreds digit of 295?
2
What is the thousands digit of 4914?
4
What is the ten thousands digit of 38498?
3
What is the thousands digit of 83205?
3
What is the thousands digit of 4008?
4
What is the units digit of 21187?
7
What is the units digit of 4949?
9
What is the tens digit of 9205?
0
What is the thousands digit of 41840?
1
What is the units digit of 3129?
9
What is the hundreds digit of 29386?
3
What is the thousands digit of 2611?
2
What is the hundreds digit of 9099?
0
What is the tens digit of 37105?
0
What is the thousands digit of 10945?
0
What is the tens digit of 3155?
5
What is the thousands digit of 1193?
1
What is the thousands digit of 17963?
7
What is the ten thousands digit of 10864?
1
What is the thousands digit of 14140?
4
What is the thousands digit of 1566?
1
What is the thousands digit of 1889?
1
What is the tens digit of 76319?
1
What is the tens digit of 1368?
6
What is the units digit of 15275?
5
What is the ten thousands digit of 10465?
1
What is the units digit of 91?
1
What is the tens digit of 917?
1
What is the thousands digit of 4517?
4
What is the tens digit of 810?
1
What is the units digit of 75627?
7
What is the units digit of 5405?
5
What is the units digit of 73?
3
What is the hundreds digit of 1265?
2
What is the units digit of 321?
1
What is the units digit of 1668?
8
What is the hundreds digit of 6830?
8
What is the thousands digit of 2681?
2
What is the ten thousands digit of 35431?
3
What is the thousands digit of 17843?
7
What is the hundreds digit of 3130?
1
What is the ten thousands digit of 120424?
2
What is the units digit of 27673?
3
What is the tens digit of 1469?
6
What is the hundreds digit of 12406?
4
What is the units digit of 15068?
8
What is the tens digit of 1134?
3
What is the tens digit of 1161?
6
What is the units digit of 67579?
9
What is the thousands digit of 26053?
6
What is the ten thousands digit of 120869?
2
What is the thousands digit of 70604?
0
What is the thousands digit of 18616?
8
What is the units digit of 699?
9
What is the ten thousands digit of 56274?
5
What is the hundreds digit of 43188?
1
What is the hundreds digit of 4947?
9
What is the thousands digit of 10839?
0
What is the hundreds digit of 880?
8
What is the tens digit of 441?
4
What is the tens digit of 416?
1
What is the units digit of 792?
2
What is the thousands digit of 3942?
3
What is the units digit of 7998?
8
What is the tens digit of 24199?
9
What is the tens digit of 196?
9
What is the units digit of 44?
4
What is the tens digit of 3025?
2
What is the units digit of 1171?
1
What is the hundreds digit of 8170?
1
What is the thousands digit of 4803?
4
What is the hundreds digit of 6613?
6
What is the tens digit of 501?
0
What is the tens digit of 1393?
9
What is the units digit of 797?
7
What is the units digit of 4349?
9
What is the tens digit of 74355?
5
What is the tens digit of 1095?
9
What is the ten thousands digit of 35409?
3
What is the tens digit of 29415?
1
What is the tens digit of 67?
6
What is the thousands digit of 4418?
4
What is the tens digit of 376?
7
What is the tens digit of 10425?
2
What is the hundreds digit of 607?
6
What is the thousands digit of 23858?
3
What is the thousands digit of 109866?
9
What is the thousands digit of 5258?
5
What is the units digit of 3867?
7
What is the thousands digit of 10654?
0
What is the hundreds digit of 1057?
0
What is the thousands digit of 1648?
1
What is the hundreds digit of 270?
2
What is the thousands digit of 54862?
4
What is the ten thousands digit of 15763?
1
What is the ten thousands digit of 11464?
1
What is the thousands digit of 13324?
3
What is the units digit of 21444?
4
What is the units digit of 4400?
0
What is the units digit of 32518?
8
What is the hundreds digit of 1566?
5
What is the thousands digit of 12466?
2
What is the hundreds digit of 1052?
0
What is the hundreds digit of 156644?
6
What is the thousands digit of 3077?
3
What is the thousands digit of 1162?
1
What is the thousands digit of 3072?
3
What is the units dig